on divisor of 616 and 3416.
56
Calculate the greatest common factor of 3740 and 170.
170
What is the highest common divisor of 380 and 342?
38
Calculate the greatest common factor of 45 and 645.
15
Calculate the greatest common factor of 695 and 5.
5
What is the greatest common divisor of 165 and 33?
33
What is the greatest common divisor of 325 and 50?
25
What is the highest common divisor of 648 and 8?
8
Calculate the greatest common factor of 9 and 3711.
3
What is the highest common factor of 5302 and 33?
11
What is the greatest common factor of 80 and 1160?
40
What is the greatest common divisor of 442 and 52?
26
What is the highest common factor of 165 and 297?
33
Calculate the highest common factor of 252 and 84.
84
Calculate the highest common divisor of 984 and 264.
24
Calculate the greatest common divisor of 133 and 2508.
19
Calculate the highest common divisor of 85 and 24565.
85
Calculate the highest common divisor of 43 and 10277.
43
Calculate the greatest common factor of 80 and 24.
8
What is the greatest common divisor of 66 and 418?
22
Calculate the greatest common divisor of 30 and 4.
2
Calculate the greatest common factor of 368 and 115.
23
What is the highest common factor of 664 and 88?
8
Calculate the greatest common divisor of 6320 and 80.
80
Calculate the highest common divisor of 171 and 19.
19
Calculate the highest common factor of 1243 and 11.
11
Calculate the highest common divisor of 472 and 32.
8
What is the highest common factor of 685 and 5?
5
What is the greatest common factor of 22 and 3454?
22
Calculate the greatest common divisor of 22 and 21230.
22
What is the greatest common divisor of 80 and 90?
10
What is the greatest common divisor of 12 and 126?
6
What is the greatest common factor of 1184 and 925?
37
Calculate the highest common divisor of 518 and 185.
37
What is the highest common divisor of 1938 and 114?
114
Calculate the greatest common divisor of 36 and 244.
4
Calculate the greatest common divisor of 36 and 153.
9
Calculate the highest common factor of 2 and 1822.
2
What is the highest common factor of 37 and 148?
37
Calculate the greatest common factor of 36 and 918.
18
Calculate the greatest common factor of 4849 and 26.
13
What is the highest common divisor of 155 and 4619?
31
Calculate the highest common factor of 88 and 16.
8
What is the highest common divisor of 98 and 35?
7
What is the highest common factor of 34 and 1598?
34
What is the highest common divisor of 30 and 70?
10
Calculate the highest common factor of 189 and 1008.
63
Calculate the highest common divisor of 104 and 260.
52
Calculate the highest common factor of 69 and 31119.
69
Calculate the highest common factor of 21 and 763.
7
What is the greatest common factor of 306 and 3128?
34
What is the greatest common factor of 2233 and 87?
29
Calculate the greatest common divisor of 1610 and 14.
14
Calculate the highest common divisor of 33 and 1133.
11
Calculate the greatest common divisor of 49 and 11123.
49
What is the highest common divisor of 846 and 36?
18
What is the highest common divisor of 128 and 2352?
16
What is the greatest common divisor of 186 and 4557?
93
What is the highest common divisor of 500 and 80?
20
What is the greatest common divisor of 25 and 800?
25
Calculate the highest common factor of 10 and 4740.
10
What is the greatest common factor of 4 and 6184?
4
Calculate the highest common divisor of 8 and 152.
8
Calculate the highest common factor of 10 and 3.
1
Calculate the greatest common factor of 8957 and 169.
169
What is the greatest common divisor of 67 and 5427?
67
Calculate the greatest common factor of 5334 and 42.
42
What is the highest common divisor of 9 and 27?
9
Calculate the greatest common divisor of 54 and 30.
6
Calculate the highest common factor of 148 and 2812.
148
What is the greatest common divisor of 3090 and 30?
30
Calculate the highest common divisor of 45276 and 42.
42
Calculate the greatest common factor of 285 and 95.
95
Calculate the highest common divisor of 57 and 6213.
57
What is the highest common factor of 80 and 365?
5
What is the highest common factor of 27 and 6?
3
Calculate the greatest common divisor of 2891 and 49.
49
Calculate the highest common divisor of 567 and 2997.
81
Calculate the greatest common divisor of 391 and 85.
17
What is the highest common divisor of 3434 and 404?
202
Calculate the greatest common factor of 6 and 96.
6
What is the highest common divisor of 6784 and 8?
8
Calculate the greatest common divisor of 3008 and 832.
64
Calculate the greatest common factor of 649 and 59.
59
What is the highest common factor of 32050 and 250?
50
What is the greatest common factor of 136 and 323?
17
What is the greatest common divisor of 4316 and 1?
1
What is the greatest common factor of 645 and 43?
43
Calculate the greatest common factor of 1232 and 77.
77
Calculate the highest common divisor of 560 and 630.
70
What is the highest common factor of 16 and 486?
2
What is the highest common divisor of 15 and 43755?
15
What is the greatest common divisor of 83 and 3984?
83
Calculate the greatest common divisor of 7970 and 10.
10
Calculate the greatest common divisor of 44 and 1.
1
Calculate the greatest common factor of 432 and 608.
16
Calculate the highest common divisor of 87 and 377.
29
What is the highest common divisor of 36 and 576?
36
Calculate the highest common factor of 33 and 1397.
11
What is the highest common factor of 252 and 28?
28
Calculate the highest common divisor of 280 and 90.
10
Calculate the greatest common factor of 2776 and 8.
8
What is the highest common factor of 66 and 550?
22
What is the greatest common divisor of 273 and 4875?
39
Calculate the highest common divisor of 651 and 1344.
21
What is the greatest common divisor of 1068 and 240?
12
What is the highest common divisor of 8 and 24?
8
What is the highest common factor of 294 and 756?
42
What is the highest common factor of 4628 and 52?
52
Calculate the greatest common factor of 3 and 1101.
3
Calculate the highest common divisor of 249 and 49053.
249
What is the greatest common divisor of 12 and 6108?
12
Calculate the greatest common divisor of 4746 and 18.
6
What is the highest common factor of 913 and 2075?
83
What is the highest common factor of 1339 and 39?
13
Calculate the greatest common factor of 3 and 627.
3
Calculate the highest common factor of 5035 and 95.
95
What is the greatest common divisor of 637 and 65?
13
Calculate the greatest common divisor of 54 and 45.
9
What is the highest common factor of 4968 and 184?
184
Calculate the greatest common divisor of 36 and 84.
12
What is the greatest common divisor of 90 and 198?
18
Calculate the highest common factor of 61264 and 28.
28
Calculate the greatest common factor of 507 and 3393.
39
Calculate the highest common divisor of 119 and 3570.
119
Calculate the highest common factor of 20 and 330.
10
Calculate the highest common divisor of 231 and 66.
33
Calculate the greatest common factor of 16232 and 16.
8
Calculate the highest common factor of 33 and 319.
11
What is the highest common divisor of 889 and 381?
127
Calculate the greatest common divisor of 289 and 3077.
17
Calculate the greatest common divisor of 705 and 94.
47
What is the highest common factor of 75 and 1905?
15
Calculate the highest common divisor of 3996 and 81.
27
Calculate the greatest common factor of 40 and 610.
10
Calculate the greatest common factor of 30 and 2985.
15
Calculate the highest common factor of 15742 and 34.
34
Calculate the greatest common divisor of 143 and 11.
11
What is the highest common factor of 240 and 1040?
80
Calculate the greatest common divisor of 5 and 145.
5
Calculate the greatest common divisor of 15376 and 112.
16
Calculate the highest common divisor of 264 and 165.
33
What is the highest common divisor of 11 and 6259?
11
Calculate the highest common factor of 5025 and 30.
15
What is the highest common factor of 43 and 1161?
43
Calculate the highest common divisor of 2171 and 3674.
167
What is the greatest common divisor of 16560 and 180?
180
What is the greatest common factor of 78 and 19318?
26
What is the highest common divisor of 1305 and 783?
261
Calculate the greatest common factor of 10 and 430.
10
Calculate the grea